ase 2?
110101010110100110
Convert -26455 (base 10) to base 15.
-7c8a
Convert 340232513 (base 6) to base 8.
27443535
Convert 3707463 (base 8) to base 16.
f8f33
What is 1141010434 (base 5) in base 4?
22030133223
Convert -176854 (base 10) to base 7.
-1334416
Convert 323411 (base 8) to base 12.
52809
-277a61 (base 11) to base 10
-435183
What is -374604 (base 8) in base 3?
-20120112001
110000001010100110110 (base 2) to base 10
1578294
-11000011010111111 (base 2) to base 4
-120122333
What is -85f91a (base 16) in base 6?
-512104230
391122 (base 10) to base 14
a2774
What is 221022121202 (base 3) in base 13?
145ab4
What is 50317656 (base 8) in base 2?
101000011001111110101110
Convert -70777 (base 11) to base 3.
-12020212022
Convert 23623133 (base 8) to base 7.
62042632
-2501810 (base 10) to base 12
-a07982
Convert -861a72 (base 16) to base 6.
-512211534
-33ed14 (base 15) to base 3
-11200000012001
What is -1348105 (base 10) in base 9?
-2474224
What is 4b3ca8 (base 14) in base 11?
1505940
-2050141 (base 6) to base 13
-365b0
Convert 111220112122 (base 3) to base 7.
2220110
What is -670bf (base 16) in base 7?
-3405360
Convert -30010133031 (base 4) to base 6.
-151452353
-3525303 (base 6) to base 5
-21321011
What is 50901b4 (base 12) in base 6?
1300001144
989c02 (base 13) to base 7
42350044
Convert -224423203 (base 5) to base 13.
-296809
Convert -24015500 (base 6) to base 13.
-202c35
Convert -10c0d9 (base 16) to base 3.
-2001210002122
Convert 1011110002012 (base 3) to base 10.
618980
Convert a1362 (base 12) to base 7.
1532030
71a8 (base 14) to base 11
13765
-14222504 (base 6) to base 16
-767c8
What is -77419 (base 12) in base 13?
-56acc
What is -1204053 (base 9) in base 2?
-10011111010011010111
1665 (base 8) to base 12
671
Convert -154050032 (base 6) to base 13.
-8a7658
Convert -81d0c (base 15) to base 7.
-3332106
Convert -2f9d3b (base 16) to base 9.
-5775388
Convert -18892a9 (base 14) to base 12.
-40a7905
Convert 11000100010000110001 (base 2) to base 12.
329269
What is -15546520 (base 7) in base 15?
-1ebb14
Convert -122043332 (base 5) to base 7.
-4640101
Convert 2200000200122 (base 3) to base 5.
330331204
Convert -60140 (base 11) to base 13.
-310a1
Convert -213122100 (base 5) to base 10.
-910900
23120331011 (base 4) to base 13
807059
What is 14134460 (base 7) in base 8?
5021517
Convert 1330568 (base 9) to base 12.
2b1882
What is -204461 (base 13) in base 7?
-6251540
-210021001000 (base 3) to base 10
-418473
What is -265278 (base 9) in base 3?
-22012022122
-11142313 (base 6) to base 16
-53085
Convert -22222222222102 (base 3) to base 16.
-48fb69
100010100000011101 (base 2) to base 15
2bd2b
Convert 10211122000 (base 3) to base 8.
223432
431050254 (base 6) to base 15
a053e4
What is -32067536 (base 8) in base 15?
-902dd9
10041a (base 13) to base 7
3106345
2424011 (base 7) to base 4
1023113210
1f3d0e (base 16) to base 10
2047246
-421100034 (base 5) to base 12
-6b9613
8745486 (base 9) to base 7
54623343
What is 1225314 (base 12) in base 2?
1101011110110110000000
Convert 30444223 (base 5) to base 7.
2060453
Convert -354255 (base 6) to base 7.
-155510
What is -12b60 (base 16) in base 2?
-10010101101100000
Convert -10320421313 (base 5) to base 7.
-163261663
-113313310 (base 4) to base 9
-158114
Convert 2001403 (base 6) to base 3.
11202111110
1141125 (base 6) to base 11
40aa1
Convert -181662 (base 11) to base 4.
-1010123300
Convert 362521 (base 8) to base 11.
85387
-1140332413 (base 5) to base 6
-133103110
Convert 14300400330 (base 5) to base 2.
1000111100100101101011110
Convert 15830a2 (base 13) to base 5.
3232342420
3414151 (base 11) to base 15
7d186e
-1cc65 (base 15) to base 13
-33998
1243133403 (base 5) to base 12
1055650
750421 (base 9) to base 12
196477
What is -3213400142 (base 5) in base 11?
-390a5a5
Convert -68c48 (base 13) to base 15.
-3b905
What is 1859773 (base 10) in base 8?
7060275
Convert 1254535 (base 6) to base 12.
3444b
1bd022 (base 15) to base 4
11030010131
Convert -3758524 (base 9) to base 12.
-82854a
Convert -2b5367 (base 14) to base 8.
-5612257
1310531 (base 6) to base 3
10122001101
Convert -44525113 (base 7) to base 14.
-725043
400749 (base 12) to base 4
3303100221
-422270 (base 9) to base 16
-3d479
Convert -23023243 (base 5) to base 3.
-101101222001
-10011010001100000101100 (base 2) to base 13
-107b92a
275461 (base 8) to base 11
66a29
-31432 (base 7) to base 6
-55541
What is -40bcf (base 16) in base 7?
-2153040
Convert -1015f (base 16) to base 3.
-10100101021
-4761c (base 15) to base 11
-145a20
Convert -1405544 (base 6) to base 8.
-232310
Convert 10a530 (base 12) to base 9.
446060
Convert -12018 (base 11) to base 7.
-101334
Convert 2181023 (base 10) to base 5.
1024243043
Convert -110201000220102 (base 3) to base 11.
-38a1907
What is 19456 (base 14) in base 13?
2316c
Convert 519987 (base 10) to base 5.
113114422
Convert 64a08a (base 14) to base 9.
6364115
What is -69141 (base 11) in base 8?
-303227
Convert -291932 (base 13) to base 15.
-14c47e
-17bcca (base 14) to base 15
-118ad5
Convert 348651 (base 9) to base 6.
4255031
What is -1aa4a84 (base 11) in base 13?
-96a0a4
What is 1100101000001111 (base 2) in base 6?
1035251
What is -10164342 (base 7) in base 4?
-3101003301
18a7a7 (base 13) to base 15
c4931
What is 7ba678 (base 12) in base 11?
1138805
What is 3763b2 (base 13) in base 7?
14166446
1273242 (base 8) to base 2
1010111011010100010
12cc4b (base 13) to base 6
13443050
Convert -a0181 (base 11) to base 5.
-14142440
Convert 200133441 (base 5) to base 2.
11000000000100111010
61218 (base 11) to base 13
3192b
Convert -11441343 (base 7) to base 4.
-3320222301
Convert 86678 (base 10) to base 9.
141808
Convert -c9683 (base 13) to base 16.
-58c6a
Convert -111100100000000111110 (base 2) to base 11.
-1134557
1001111101111010101 (base 2) to base 9
547023
What is 1212524 (base 6) in base 12?
31144
2a691 (base 12) to base 2
1110100101001101
What is -21021230302 (base 4) in base 9?
-4455754
What is 6c008 (base 15) in base 4?
1110003002
What is -1112312442 (base 5) in base 8?
-11313411
What is -905673 (base 10) in base 12?
-378149
What is -2008c6 (base 14) in base 2?
-100000111000010001110
243064 (base 8) to base 3
11020112220
Convert -591a5 (base 11) to base 13.
-2cb5a
-1563d5 (base 14) to base 15
-eb598
354002521 (base 6) to base 8
31214761
-20351010 (base 6) to base 16
-9004e
Convert -4816418 (base 10) to base 3.
-100001200212212
-a2925 (base 16) to base 13
-1a4127
115713 (base 10) to base 3
12212201200
What is 2952019 (base 10) in base 3?
12112222102001
What is 22302253 (base 6) in base 4?
2211102321
What is -2343432001 (base 5) in base 2?
-10100110011000101011110
362a48 (base 11) to base 16
8c5cb
-64257 (base 12) to base 9
-220564
Convert -3031120211 (base 4) to base 11.
-525056
-101101101010110010 (base 2) to base 8
-555262
-31110021 (base 4) to base 8
-152411
-10111001010001000111 (base 2) to base 16
-b9447
1766127 (base 12) to base 11
2821518
What is 245325 (base 6) in base 16?
55b5
Convert 2323110102 (base 5) to base 15.
6e5e02
356714 (base 10) to base 14
93dd8
Convert 1023221030 (base 5) to base 16.
2104b2
Convert 8a91b (base 12) to base 14.
4b339
What is -1104022421 (base 5) in base 13?
-663c91
242344115 (base 6) to base 14
87b019
What is -10113213300 (base 4) in base 15?
-179553
What is 23111002132 (base 4) in base 2?
1011010101000010011110
Convert -73373 (base 10) to base 13.
-27521
d0812d (base 15) to base 14
14597b9
What is -1133021110 (base 4) in base 8?
-1371124
What is 231203203223 (base 4) in base 15?
10ad618
-43721 (base 12) to base 5
-10323121
130302000 (base 4) to base 2
11100110010000000
What is -6bcac (base 13) in base 4?
-300101013
What is -4909268 (base 10) in base 8?
-22564324
Convert ac0c7 (base 13) to base 11.
1a3571
What is -10481 (base 14) in base 5?
-2224223
What is 774b2 (base 14) in base 9?
480457
Convert -41533 (base 7) to base 6.
-115144
What is -1a159 (base 13) in base 12?
-25472
Convert -41da71 (base 15) to base 8.
-13751624
What is 4010024 (base 5) in base 15?
13a94
What is -10001222220 (base 3) in base 6?
-1144040
What is -6f168 (base 16) in base 10?
-455016
40433144 (base 7) to base 5
1330312323
What is -10022200130 (base 4) in base 12?
-447878
-5cb78 (base 14) to base 5
-24233040
What is 100010001100011010011 (b